Let a(p) = p - 1. Let n be a(-3). Let y(z) = n*o(z) - 7*v(z). Calculate y(2).
3
Let p be 168/28*(-10)/(-15). Let b(j) be the first derivative of 3*j**2/2 + 1. Give b(p).
12
Let q(x) = x**2 - 3. Suppose -3*n - d - 10 = -n, 3*n = -4*d - 20. What is q(n)?
13
Let n = -95 - -97. Let v be 0/2 + 1*(n + -4). Let z(l) = -l**3 - 2*l**2 + 4*l + 3. Determine z(v).
-5
Let f(d) = 5*d**3 - d - 1. Let g be f(-1). Let l(p) = -3*p - 13848 + 4*p + 13842. Determine l(g).
-11
Let c(q) = -q**3 + 2*q**2 + q + 13*q**2 + 2 - 14*q**2. Give c(2).
0
Let l = 12 - 6. Suppose h = 2*t - 0*h - 3, 0 = -5*t + 2*h + 8. Suppose -5*f - t*v = 16, -2*f = -l*f + 2*v - 20. Let p(i) = -2*i - 6. Give p(f).
2
Let y(m) be the first derivative of -m**2 + m - 10. Suppose 2*f - 8 = -o, -5*f - 4*o = -4*f - 4. Calculate y(f).
-7
Let o be (-1)/(((-4)/8)/((-7)/(-7))). Let v(p) be the first derivative of -1 - 6*p - 5/2*p**o. What is v(-4)?
14
Let m(f) = -4 - f - 81*f**3 - 83*f**3 - 4*f**2 + 165*f**3. What is m(5)?
16
Let z(h) = -h**3 - 2*h**2 + 9*h + 2. Let f be 3/(-42)*(5 + -1)*14. Calculate z(f).
-2
Let c be (-3 - (-10)/4)*-8 - -181. Let x(h) = 1 + 93*h - c*h + 90*h + 0. Give x(4).
-7
Let r(o) = -472 - o + 465 + 0*o. Let g be 15/2*(-18)/27. What is r(g)?
-2
Let f(r) = -r**2. Let o be f(0). Suppose o*y + 2*y = -2*c + 14, -5*y + 20 = 2*c. Let t(z) = -3 + y - 3*z + 2*z. What is t(-2)?
1
Let b = -93 + 218. Suppose -128*o + 18 = -b*o. Let z(a) = a - 1. Determine z(o).
5
Let t(q) be the first derivative of 15 + 5/3*q**3 + q - 1/4*q**4 - q**2. What is t(3)?
13
Let t(f) be the first derivative of 2/3*f**3 - 1 + 4*f - 1/4*f**4 + f**2. Let d(z) = z**3 + 8*z**2 - z - 5. Let p be d(-8). What is t(p)?
1
Let f = 47 + -42. Let k(d) = -d**3 + 2*d + 0*d + d**2 - f*d - 5*d**2. Determine k(-3).
0
Let t(m) = m**2 - 26*m - 3. Let x(l) = 2*l**2 - 48*l - 6. Let n(k) = 11*t(k) - 6*x(k). Determine n(6).
-21
Let j(h) = -6*h**2 - 3*h. Let n(w) = -7*w**2 + 13*w. Let z be n(2). Calculate j(z).
-18
Let b(i) = i**3 - i**2 - 3*i. Let q be b(0). Let c(o) = 2*o + 3. Give c(q).
3
Let d(o) = -3*o**3 + 2*o**2 - o - 4. Let c(u) = 4*u**3 - u**2 + u + 3. Let t(g) = -4*c(g) - 5*d(g). Let s = 3346 - 3352. Calculate t(s).
2
Suppose 1 + 65 = 6*k. Suppose 3*f - 43 = 5*z, 5*z - 2*z - 27 = -3*f. Let l = f - k. Let x(w) = w + 3. Calculate x(l).
3
Let k(y) be the third derivative of y**6/120 - 7*y**5/30 + y**4/2 + 7*y**3/6 - 70*y**2 + 1. Give k(13).
-6
Let h(b) = -b**3 + b**2 - 2. Suppose 0*f - f = u - 5, -20 = -4*f. Suppose -3*w = -3*c - 9 - 3, u = 2*w + 5*c + 6. Calculate h(w).
-6
Let j(b) = b**2 - 4*b + 1. Let i(k) = -2 - 2 - 3 - 15*k + 4 + 2*k**2. Let o be i(8). Determine j(o).
6
Let m(y) be the second derivative of -y**3/2 - y**2 - 17*y. Let z(j) = -10*j - 7. Let t(p) = -7*m(p) + 2*z(p). Give t(8).
8
Let m(c) be the first derivative of c**3/3 + 5*c**2 - 16*c + 82. What is m(-11)?
-5
Let t = -11 + 24. Let g(o) = 7*o + 4. Let x(l) = 15*l + 9. Let p(h) = t*g(h) - 6*x(h). Give p(8).
6
Let u = 384 - 389. Let l(d) = d**3 + 6*d**2 + 7*d + 4. Determine l(u).
-6
Let h(p) = -p - 3. Let a be h(-5). Suppose 0 = -a*u - 3*u + 10. Let m(f) = 12 + 10 + 2*f**u - 20 - 3*f. Give m(2).
4
Let h(s) = -2 - 2 + s + 0*s - 2. Suppose -5*d + 266 = -2*b, -2*b = 3*d + 2*b - 170. Let o be 3/(-1) + d/6. Determine h(o).
0
Let q(p) be the first derivative of -p**3/3 + 5*p**2/2 - p + 824. Let c be 1/(1*2/10). Calculate q(c).
-1
Let h(y) = y. Let o(g) be the third derivative of 0*g + 1/8*g**4 + 5/6*g**3 - 4*g**2 + 0. Let j(s) = 6*h(s) - o(s). Determine j(5).
10
Let o(t) = -4 - 14*t + 21*t - t**2 + 6 - 3. What is o(5)?
9
Let z(d) = -4*d**2 - 4*d - 8. Let x(p) = -11*p**2 - 11*p - 24. Let q(r) = 3*x(r) - 8*z(r). Let y(c) be the first derivative of q(c). What is y(2)?
-5
Let a(c) = -c**3 + 14*c**2 - 2*c + 26. Let o = 574 - 560. What is a(o)?
-2
Let k be 1*(3 + 2)*1. Let z(a) = -a + 7 - k + 1 - a. Determine z(3).
-3
Let v(z) = z**2 + z - 3. Let s(w) = w**2 - 9*w - 6. Let n be s(10). Let a be (-41)/4 - (-1)/n. Let b(u) = u**2 + 9*u - 7. Let l be b(a). Give v(l).
9
Let p = -84 - -86. Let x(n) be the third derivative of 1/24*n**4 + 0 + 1/6*n**3 + 0*n - p*n**2. What is x(0)?
1
Let m be 23/46*(0 + -2). Let a(b) be the second derivative of -b**5/4 + b**4/6 + b**3/3 + b**2/2 + b. Give a(m).
6
Let w(o) = o + 121 - 116 + 2*o - 9*o. Determine w(9).
-49
Let s(p) = p**2 + 4*p + 4. Let u(k) = k**3 + 12*k**2 - 13*k - 4. Let o(h) = -h**2 - 3*h - 9. Let n be o(-4). Let v be u(n). Calculate s(v).
4
Let k(h) = h**3 + 5*h**2 + h - 2. Let p(y) = y**3 + 26*y**2 + 50*y + 43. Let z be p(-24). Calculate k(z).
-7
Let m(d) = d + 2. Let b(l) = 4*l + 11. Let u(g) = g**2 + g - 1. Let c(y) = b(y) + u(y). Let r be c(-4). Calculate m(r).
8
Let s(h) = 6*h + 12 - 37*h + 10*h + 9*h + 13*h. What is s(-5)?
7
Let f(s) = -2*s - 13. Let x be (-952)/154 - 6/(-33). Determine f(x).
-1
Let j(r) = r - 3. Let n(p) = -p**3 + 15*p**2 - 13*p + 11. Let l(b) = -j(b) + n(b). Determine l(14).
14
Let w(v) be the first derivative of 1/60*v**5 + 0*v - 3 - 1/24*v**4 - 3*v**2 + 11/6*v**3. Let l(q) be the second derivative of w(q). Determine l(0).
11
Let q(h) = h + 37. Let r(l) = -87*l + 1012. Let w be r(12). Give q(w).
5
Let y(h) = 0 + h + 6 - 11 + 9. Suppose 2*r = 5*c - 27, 26 = 3*c + 5*r - 15. Determine y(c).
11
Let z(r) = r**2 - r + 1. Let l(a) = 4 + 2*a**2 - 1 - 3*a**3 + 2*a**3 - 1 + a. Let y = -18 + 18. Let o be l(y). Determine z(o).
3
Suppose 6 = -4*n + 2. Let d(s) be the first derivative of s**3 - 4. What is d(n)?
3
Suppose -y - 17 = 2. Let u = 13 + y. Let r(c) be the first derivative of -c**4/4 - 5*c**3/3 + 5*c**2/2 + 4*c - 1. Calculate r(u).
10
Let a(o) be the first derivative of -o**3/3 + 2*o**2 - 3*o - 2. Let i = 31 + -26. Calculate a(i).
-8
Suppose 0 = 8*p - 7*p. Suppose -3*l + 9 = 4*y + 3, p = -4*l - 5*y + 9. Let a(s) = s**3 - 7*s**2 + 3*s + 8. What is a(l)?
-10
Suppose p + 18 = 3*s - 0*s, 4*s = 4*p + 40. Let t be -6 + 72/9 + 1*2. Let d(v) = -9 - t*v + 3*v + 4*v - 6*v. What is d(p)?
9
Let z(v) = v + 10. Let h(m) = 2*m**3 + 21*m**2 + 8*m - 15. Let w be h(-10). What is z(w)?
15
Let b(n) be the second derivative of -n**3/6 - 9*n**2/2 + 107*n - 2. Give b(8).
-17
Let l(k) = -k**3 + 5*k**2 - 5*k + 5. Suppose 0 = 5*u + 216 + 414. Let v = u + 130. Determine l(v).
1
Suppose -33 = -6*t + 3*v, -v = -5 - 0. Let x(j) = -4*j + 11. Calculate x(t).
-21
Let o = -109 - -114. Let j(h) be the first derivative of h**2 - 4*h - 1. Give j(o).
6
Let f(k) = k**3 - 7*k**2 + 7*k + 3. Let m(q) = -q**3 + 5*q**2 - 2*q - 2. Let l be m(2). Let n be f(l). Let t(h) = -10*h + n*h + 7*h. Determine t(-1).
-6
Suppose 5 - 9 = 4*k - 3*k. Let i(a) be the third derivative of -a**6/120 - a**5/15 - a**4/12 - 5*a**3/6 + a**2. Calculate i(k).
3
Let h = 2 + -1. Let z be 4*(h + (-3)/6). Let a(x) = 10 - 12*x**3 + 0*x**2 - 10*x + 8*x**z + 11*x**3 + 2*x. Calculate a(7).
3
Let v(z) be the third derivative of z**5/60 - 5*z**4/24 - 8*z**3/3 - 210*z**2. Give v(7).
-2
Let z(d) be the third derivative of d**8/10080 - d**7/630 + d**6/180 + 17*d**5/60 - 13*d**2. Let y(c) be the third derivative of z(c). What is y(5)?
14
Let a(s) = -s**3 + 6*s**2 - s - 2. Let u = 56 + -32. Suppose -4*t + u = -0*t. Give a(t).
-8
Let d(v) be the second derivative of v**6/360 - v**5/20 - 19*v**4/6 + 27*v. Let q(t) be the third derivative of d(t). Calculate q(5).
4
Let u(j) = 6*j + 5. Let s(v) = -12*v - 10. Let p(k) = 3*s(k) + 5*u(k). What is p(-4)?
19
Suppose 0 = -2*b + 4 - 0. Suppose -14 = -b*v - 2. Let w be v/(-9) - (-40)/(-12). Let d(z) = -2*z - 2. What is d(w)?
6
Let j(k) be the third derivative of k**5/6 - k**4/12 - k**3/6 - 372*k**2. Let g be (1 - 2)/(1/1). What is j(g)?
11
Let l be (22 - 22)/(9/(-3) - -1). Let b(g) = -g**3 - g**2. Give b(l).
0
Let s(l) = 15*l**2 - 8*l + 6*l - 6*l**2 + 1. Let n(k) = k**3 - 7*k**2 + 6*k + 1. Let a(y) = -y - 3. Let x be a(-9). Let h be n(x). Determine s(h).
8
Let g(s) be the third derivative of s**8/20160 + s**7/5040 + s**6/45 - s**5/4 + 9*s**2. Let u(h) be the third derivative of g(h). What is u(0)?
16
Let i(u) = u**2 - u - 1. Let f(y) = 9*y**2 + y. Let j be f(1). Let z = 8 - j. Give i(z).
5
Suppose 3*k - 15 + 68 = 4*w, 4*k - 32 = -2*w. Let r(u) = -u**3 + 13*u**2 + 13*u + 19. Give r(w).
5
Let z(p) = -4 + 0 - 5*p + 1 + 1. Let o be z(-1). Let q(l) = -l - 1. C